nder when m(2) is divided by v(-1)?
9
Calculate the remainder when 7/(210/(-156))*45/(-3) is divided by 44.
34
Let k = -31 - -55. Calculate the remainder when 45 is divided by k.
21
Let g = -14 - -14. Suppose g = 3*j - 5 - 1. What is the remainder when j is divided by 1?
0
Suppose 0 = -2*s - 5*h - 0 - 21, -3*h = -3*s. Suppose 44 = -a + 4*a - 2*t, 0 = -4*a + t + 62. What is the remainder when ((-94)/s)/(6/9) is divided by a?
15
Suppose -2*c - c = j - 16, -5*c + 5*j + 20 = 0. Suppose -5 = c*d, -3*s - 4*d = -6*s + 61. Let k = -5 - -12. Calculate the remainder when s is divided by k.
5
Suppose 4*b - 32 = -0*b. What is the remainder when 21 is divided by b?
5
Suppose -3*d - z = -12, 0 = 3*d + 3*z - 6 - 0. Let g = 5 + -1. What is the remainder when d is divided by g?
1
Let k(t) = 2*t**2 + 3. Let c be k(-3). Let h = c + -14. Let y = h + -1. Calculate the remainder when 17 is divided by y.
5
Let q = 4 - 1. Suppose -35 = 5*k + 5*z, -4*k + z = -4 + 32. Let x = -5 - k. What is the remainder when q is divided by x?
1
Let n be (-6)/8 + (-11)/(-4). Suppose n*v = -b + 26, 130 = 5*b - 0*b - 3*v. Let z(t) = 3*t**2 + 5*t + 2. What is the remainder when b is divided by z(-3)?
12
Let r(k) = k**3 - 9*k**2 + 3*k - 3. Let n(x) = -3*x - 4. Let m be n(-4). Let q(c) = c**2 - 6*c - 3. Calculate the remainder when r(9) is divided by q(m).
11
Let u(z) = 9*z + 1. Let a be u(1). Suppose -h + 36 + a = 0. Calculate the remainder when h is divided by 24.
22
Let u be (-65)/(-39)*(0 - -3). Suppose 0 = -u*p - 0 + 45. What is the remainder when 26 is divided by p?
8
Suppose -l = -0*j + 5*j - 15, -5*l + 3*j = 9. Suppose 3*z - 18 = -l*z. Calculate the remainder when 10 is divided by z.
4
Let x(i) = 3*i - 5. Let y be x(6). Suppose 2*o = 4*r - 40, -7 - y = -2*r + 2*o. Calculate the remainder when 27 is divided by r.
7
Let z be 2/(-4) - (-34)/4. Suppose -2*j + 74 = -2*t, 2*t + 52 = 3*j - 59. What is the remainder when j is divided by (26/8)/(2/z)?
11
Let u(a) = -a**2 + 7*a + 8. Suppose 0 = 5*g + 22 - 62. What is the remainder when u(6) is divided by g?
6
Suppose -20*t = -15*t - 160. Calculate the remainder when t is divided by 7.
4
Suppose -5*q = -2*m - 284, 0*m + 275 = 5*q - 5*m. Let p = 81 - q. Calculate the remainder when p is divided by 13.
10
What is the remainder when 87 is divided by 22*(-1)/(-3 - -2)?
21
Let u = -33 - -37. What is the remainder when 10 is divided by u?
2
Let k = 10 - -4. Suppose 82 = 2*r + k. What is the remainder when r is divided by 13 - (2 - (1 - 0))?
10
Let p = 66 + -58. What is the remainder when 11 is divided by p?
3
Calculate the remainder when 19 is divided by 1*10 - (-5 + 2 - -2).
8
Suppose -3*n = -u + 1 - 7, -25 = -5*n. Suppose 60 + u = 3*s. Calculate the remainder when s is divided by 8.
7
Suppose -20 = -10*f + 5*f. Let m(o) = 2*o - 4 - 1 + o. What is the remainder when 20 is divided by m(f)?
6
Let y(o) = -o**3 + 19*o**2 + 2*o + 13. Suppose a - 4*j = -2*a + 70, 4*a - 106 = -j. What is the remainder when y(19) is divided by a?
25
Let y = 38 - 25. Suppose -27 = -5*i - k + 5, 2*k + 13 = i. Calculate the remainder when y is divided by i.
6
Suppose 2*l = -114 - 32. Let n = l + 107. What is the remainder when n is divided by 12?
10
Suppose -2*w + 168 = 5*w. Let c = 28 + 42. Calculate the remainder when c is divided by w.
22
Suppose -9 = -3*h - 0. Let s(k) = 14*k**2 + k. Let x be s(1). Suppose 2*d - x = -w, -3*d = -h*w + d + 35. What is the remainder when 37 is divided by w?
11
Suppose 0 = v - 4*v - 15, 4*l - 45 = 5*v. Suppose 0 = -j + 3, -10 = y + j - l*j. Suppose 3*b - 75 = -y*b. Calculate the remainder when 28 is divided by b.
13
Let u(o) = -33*o**3 + 2*o**2 - o. Let h be u(1). What is the remainder when 29 is divided by (h/(-6))/(8/12)?
5
Let z(o) = 4*o**2 + 2*o + 14. What is the remainder when 66 is divided by z(0)?
10
Let k = 132 - 101. What is the remainder when k is divided by 16?
15
Suppose 2*l = 3*l - 35. Calculate the remainder when l is divided by 13.
9
Suppose -5 = -3*x + 37. Let n = 20 - x. Calculate the remainder when 17 is divided by n.
5
Suppose 5*a + 3 = -m, -5*a - 63 = -3*m - 2*a. Calculate the remainder when m is divided by 15.
2
Calculate the remainder when 17 is divided by (23/(-46))/((-2)/12).
2
Suppose -y = -2 - 3. Let t(v) = 11*v + 4. Let q be t(-6). Let d = -44 - q. Calculate the remainder when d is divided by y.
3
Let x be (-5)/((-5)/(-9)) + 1. What is the remainder when 222/4 + 4/x is divided by 14?
13
Let m(t) = t - 2*t - t**3 + 7*t**2 + 0*t + 12 - 5. Suppose n - 2*n = 0, -2*n = -g + 6. What is the remainder when m(g) is divided by 13?
11
Let s(r) = -r - 3. Let o be s(-4). Let f = o - 1. Suppose -3*q + 42 = -f*q. Calculate the remainder when q is divided by 8.
6
Suppose 6*d = 8*d - 26. Let o(y) = 9*y**2 - 2*y - 2. Let s be o(-2). Let u = s + 11. What is the remainder when u is divided by d?
10
Let w = 10 - 5. Calculate the remainder when (1 - (0 + 2))/(28/(-112)) is divided by ((-12)/15)/((-2)/w).
0
Let b(z) = -2*z - 2. Let v(w) = -w**3 - 10*w**2 - 9*w + 10. Let x be v(-9). What is the remainder when 12/30 + 146/x is divided by b(-5)?
7
Let r be -6*((-45)/(-6))/5. Let h = 8 - r. What is the remainder when 65 is divided by h?
14
What is the remainder when (1*3)/((-18)/(-156)) is divided by (18/8)/((-6)/(-24))?
8
What is the remainder when 31 is divided by 44/(-6)*(-3)/2?
9
Suppose -2*n + 7 = 1. Suppose 0 = -t + n*t - 26. Let y = -12 - -36. Calculate the remainder when y is divided by t.
11
Let d(p) = p**2 + 5*p + 4. Let z = -12 - -7. Let n be d(z). Suppose -n*v + 42 = -v. Calculate the remainder when 41 is divided by v.
13
Let x(p) = p**2 - 4. Calculate the remainder when 24 is divided by x(-3).
4
Suppose -2*v + 37 + 5 = 0. Let h be (2/3)/(24/(-1044)). Let k = -18 - h. What is the remainder when v is divided by k?
10
Suppose 0 = -2*v - 3*l + 42, 0 = 3*v + 5*l - 34 - 31. Calculate the remainder when 28 is divided by v.
13
Let c(j) = -2*j + 31. What is the remainder when 51 is divided by c(6)?
13
Let h = -16 - -23. Calculate the remainder when 27 is divided by h.
6
Suppose -s - s = -112. Let a = s + -20. What is the remainder when a is divided by 19?
17
Let y = 2 - -3. Suppose -7*s = -2*s - y. What is the remainder when 4/3*(-9)/(-6) is divided by s?
0
Let j(w) = w + 4. Suppose -9*y + 11*y - 8 = 0. What is the remainder when j(7) is divided by y?
3
Let u = 96 - 94. Suppose -3*m = -m + c - 6, -m - 8 = -5*c. Suppose 1 = 2*x - 4*s + 9, m*x + 11 = 5*s. Calculate the remainder when u is divided by x.
0
Let r(y) = 3*y - 19. What is the remainder when 101 is divided by r(12)?
16
Let t(v) = 3*v - 3. Let l be t(2). Let x(w) = w**3 + 14*w**2 + w + 14. Let g be x(-14). Let k = g + l. What is the remainder when 10 is divided by k?
1
Let c(a) = a**3 - 2*a**2 - 3*a. Let r be (-2)/3 - (-56)/12. Calculate the remainder when 77 is divided by c(r).
17
Suppose m + m = 12. What is the remainder when 16 is divided by m?
4
Suppose c + 4*y - 24 = 0, 0 = -4*c + 4*y + 61 + 55. Suppose -r = r - c. What is the remainder when r is divided by ((-2)/(-2))/((-5)/(-40))?
6
Suppose 0 = -d + 3 - 2. Let a be ((1 - d) + 1)*-10. Calculate the remainder when 18 is divided by (-2)/5 + (-104)/a.
8
Let a(i) = i + 13. What is the remainder when a(-6) is divided by 4?
3
Suppose -2*x = -5*o + 26 - 3, 0 = 4*x - 5*o + 21. Suppose 0 = -3*m + 5*m - 18. Calculate the remainder when 125/(-5)*x/(-1) is divided by m.
7
Let g(u) = u**2 + 13*u - 1. What is the remainder when g(-18) is divided by 31?
27
Let i(u) = 103*u**2 + 4*u - 3. What is the remainder when i(1) is divided by 15?
14
Suppose q + 4*g = -0*g - 12, 3*q - 8 = -g. What is the remainder when q is divided by (48/40)/(2/5)?
1
What is the remainder when 3445/20 - 0 - 12/(-16) is divided by 45?
38
Let x = -43 - -102. Calculate the remainder when x is divided by 30.
29
Let s(j) = 5*j - 4. What is the remainder when ((-205)/(-5))/(2/(-4) + 1) is divided by s(5)?
19
Suppose 0*g - 3*g + 9 = 0. Suppose a = g*a. Suppose 4*j + 3*x - 23 = a, 0 = -4*j - 0*j - x + 13. What is the remainder when j is divided by 1?
0
Let u = 67 + -64. What is the remainder when 15 is divided by u?
0
Let v = -11 + 42. Let b = 32 - -3. Let i = -24 + b. Calculate the remainder when v is divided by i.
9
What is the remainder when 2*2/(-8)*-86 is divided 